 12) to base 2.
-11100000100
Convert -1013 (base 7) to base 15.
-188
What is 14000 (base 5) in base 3?
1112200
Convert -1977a (base 12) to base 9.
-56254
Convert -200 (base 5) to base 16.
-32
What is -20001 (base 3) in base 4?
-2203
-16313 (base 7) to base 16
-1208
What is -16443 (base 9) in base 2?
-10110000100010
95e (base 16) to base 7
6664
Convert 10001110100 (base 2) to base 7.
3216
Convert 110202122 (base 3) to base 13.
430a
Convert 12050 (base 6) to base 5.
24013
Convert 3224 (base 5) to base 11.
36a
What is 10001101010 (base 2) in base 9?
1485
Convert 41a (base 11) to base 5.
4010
What is 42230 (base 9) in base 13?
c906
What is -122031 (base 4) in base 13?
-9c0
What is 3742 (base 8) in base 6?
13202
Convert -7204 (base 12) to base 14.
-472c
3222 (base 4) to base 11
1a3
-4365 (base 10) to base 16
-110d
Convert -1031 (base 8) to base 4.
-20121
Convert -5679 (base 15) to base 2.
-100011110100011
Convert -1035 (base 10) to base 4.
-100023
Convert 453 (base 13) to base 5.
10434
Convert -534 (base 16) to base 7.
-3612
d42 (base 14) to base 8
5056
What is -2d5 (base 14) in base 8?
-1103
677 (base 11) to base 4
30222
-59d (base 15) to base 2
-10011111001
Convert -4450 (base 7) to base 14.
-827
What is -1011001100101 (base 2) in base 7?
-22500
2110211 (base 4) to base 8
22445
-25094 (base 10) to base 2
-110001000000110
221 (base 8) to base 5
1040
Convert 1010110100 (base 2) to base 13.
413
Convert -391 (base 12) to base 7.
-1402
-20560 (base 11) to base 8
-72401
-2007 (base 9) to base 2
-10110111001
What is -42 (base 14) in base 9?
-64
11001100100111 (base 2) to base 8
31447
What is -121580 (base 9) in base 15?
-16b1c
-14283 (base 13) to base 16
-93a2
-202100 (base 3) to base 11
-45a
aa4 (base 11) to base 15
5d4
Convert -a747 (base 13) to base 11.
-16492
1144220 (base 5) to base 6
244550
What is e557 (base 16) in base 10?
58711
What is -100000010000 (base 2) in base 3?
-2211110
What is -404 (base 7) in base 5?
-1300
What is -10796 (base 10) in base 9?
-15725
Convert 32 (base 14) to base 16.
2c
What is 1100011001 (base 2) in base 11?
661
What is -1a803 (base 12) in base 7?
-222126
-742 (base 11) to base 14
-47b
1592 (base 16) to base 15
1982
a8a9 (base 11) to base 9
21666
Convert 15344 (base 6) to base 11.
1984
What is 215325 (base 8) in base 10?
72405
Convert -11101 (base 5) to base 12.
-548
-441 (base 8) to base 3
-101201
What is -110212 (base 3) in base 5?
-2342
Convert -1a5 (base 13) to base 16.
-130
What is -2112010002 (base 3) in base 14?
-1414b
220013 (base 5) to base 4
1311110
Convert -a38 (base 11) to base 9.
-1640
-111120 (base 3) to base 7
-1032
-100110010 (base 2) to base 6
-1230
-304031 (base 5) to base 12
-5883
Convert -3344 (base 8) to base 10.
-1764
-302411 (base 6) to base 8
-56547
-9729 (base 11) to base 8
-31071
What is -143102 (base 5) in base 4?
-1132023
-10010101001 (base 2) to base 11
-995
Convert 5997 (base 10) to base 2.
1011101101101
Convert -10000 (base 2) to base 16.
-10
229 (base 15) to base 12
349
What is -517 (base 8) in base 3?
-110102
Convert 1538 (base 10) to base 11.
1179
What is 222044 (base 5) in base 12?
45ba
-1a1a (base 12) to base 14
-123c
Convert -10010100001 (base 2) to base 7.
-3312
-366 (base 11) to base 6
-2003
What is -1022204 (base 5) in base 2?
-100001100011011
Convert -c302 (base 16) to base 15.
-ebd2
Convert -36045 (base 9) to base 13.
-ac79
What is 14ca (base 15) in base 2?
1000101110001
-346 (base 14) to base 4
-22022
What is 313212 (base 4) in base 12?
2086
Convert 338 (base 13) to base 4.
20222
-32a (base 13) to base 3
-202010
Convert 6496 (base 11) to base 13.
3b98
What is -226 (base 11) in base 7?
-534
What is -35ae (base 15) in base 10?
-11414
What is -2a (base 11) in base 3?
-1012
What is 12ca (base 16) in base 8?
11312
23 (base 7) to base 11
16
What is 17c15 (base 13) in base 9?
70065
Convert -20515 (base 6) to base 2.
-101011011111
-d83 (base 16) to base 5
-102314
What is 1012001102 (base 3) in base 5?
1221431
-1010100001101 (base 2) to base 13
-25b7
1323120 (base 4) to base 3
101211110
-33030322 (base 4) to base 11
-42866
What is 222111 (base 3) in base 5?
10330
What is -5829 (base 15) in base 14?
-6b6a
What is -7144 (base 10) in base 12?
-4174
What is -226 (base 12) in base 5?
-2233
33576 (base 9) to base 15
6949
What is 360 (base 10) in base 8?
550
-686 (base 12) to base 5
-12331
-17635 (base 9) to base 16
-2f96
Convert 200331 (base 5) to base 9.
8625
What is 331223 (base 4) in base 7?
14336
1344301 (base 6) to base 2
10010100101101101
-ce26 (base 16) to base 2
-1100111000100110
What is 11544 (base 7) in base 6?
21553
Convert 2c43 (base 15) to base 9.
14040
Convert 3111312 (base 4) to base 14.
4db8
bd3 (base 16) to base 9
4133
-593 (base 10) to base 11
-49a
1c83 (base 16) to base 2
1110010000011
8b3 (base 14) to base 3
2100220
Convert -1403034 (base 5) to base 16.
-6f67
Convert 121203 (base 4) to base 10.
1635
What is -227 (base 10) in base 7?
-443
Convert 44402 (base 5) to base 14.
11b8
237b (base 13) to base 12
2a8b
Convert 14453 (base 8) to base 6.
45455
Convert -972 (base 15) to base 7.
-6134
Convert 12651 (base 9) to base 7.
33634
Convert 21187 (base 12) to base 5.
2342242
Convert 5341 (base 9) to base 2.
111101010101
What is -106525 (base 8) in base 13?
-13612
Convert -3132 (base 6) to base 9.
-862
1112000 (base 4) to base 7
22022
What is 496 (base 10) in base 4?
13300
Convert 103312 (base 5) to base 16.
dfe
Convert -20021002 (base 3) to base 6.
-33045
What is 12111 (base 3) in base 10?
148
-9185 (base 14) to base 5
-1300014
What is -1866 (base 10) in base 3?
-2120010
What is -100042 (base 5) in base 12?
-19a3
Convert -102 (base 6) to base 9.
-42
What is -13222 (base 7) in base 14?
-1412
Convert 4034 (base 6) to base 4.
31312
What is 1163 (base 8) in base 15?
2bc
What is -1603 (base 7) in base 13?
-3a3
What is 131301 (base 4) in base 5?
30110
Convert 38922 (base 10) to base 2.
1001100000001010
Convert 83c (base 13) to base 3.
1220222
-7a0 (base 11) to base 13
-588
Convert 200022 (base 3) to base 4.
13232
What is 1000100111 (base 2) in base 16?
227
Convert -30303 (base 5) to base 8.
-3641
Convert -23230 (base 4) to base 8.
-1354
6a93 (base 16) to base 12
13957
What is 258 (base 15) in base 10?
533
-33 (base 14) to base 9
-50
Convert 4155 (base 15) to base 6.
143525
Convert -50 (base 9) to base 6.
-113
Convert 20121 (base 8) to base 14.
302d
-1100110011010 (base 2) to base 6
-50202
What is -1133 (base 4) in base 14?
-6b
Convert 200040 (base 5) to base 2.
1100001111110
Convert -121560 (base 7) to base 13.
-a179
1111010001001 (base 2) to base 6
100105
Convert -11105 (base 6) to base 13.
-926
Convert 377 (base 11) to base 9.
546
What is -15364 (base 7) in base 14?
-17db
What is -203433 (base 6) in base 3?
-211110010
3d3c (base 15) to base 8
31463
10628 (base 12) to base 9
32605
2131 (base 7) to base 10
757
What is 2032 (base 9) in base 14?
783
-22222111 (base 3) to base 10
-6547
Convert -2b9d (base 15) to base 13.
-4360
2c9c (base 15) to base 2
10010101111101
What is 670 (base 9) in base 11?
45a
What is 120222 (base 3) in base 16?
1af
What is 3475 (base 11) in base 2?
1000111001111
Convert 2047 (base 13) to base 16.
1165
What is -796 (base 15) in base 2?
-11010110100
Convert -24575 (base 11) to base 7.
-204616
What is -37509 (base 11) in base 7?
-313003
What is 117 (base 8) in base 12?
67
What is 39754 (base 11) in base 5?
3304213
Convert 1010111110111 (base 2) to base 12.
3307
10100100101011100 (base 2) to base 4
110211130
Convert -204 (base 6) to base 13.
-5b
What is 12061 (base 9) in base 3?
102002001
What is -45435 (base 6) in base 16?
-191f
Convert -1914 (base 16) to base 13.
-2bcb
What is -cfd4 (base 16) in base 9?
-80875
Convert -539 (base 14) to base 4.
-100013
-14312 (base 6) to base 8
-4344
-57b (base 13) to base 12
-66b
-897 (base 12) to base 3
-1201221
Convert -10101110010 (base 2) to base 10.
-1394
Convert 4395 (base 14) to base 13.
5428
10a (base 16) to base 8
412
-1000011110 (base 2) to base 12
-392
Convert -617a (base 15) to base 7.
-114013
1638 (base 9) to base 10
1250
-1010001100101 (base 2) to base 13
-24b8
What is 210230 (base 4) in base 10?
2348
What is 11d (base 14) in base 9?
267
Convert -5536 (base 8) to base 3.
-10222210
Convert 2516 (base 7) to base 9.